b). Calculate v(p).
9
Let p be 6/((-16)/248 + (-218)/(-496)). Let d(w) = -w**2 + 13*w + 54. Determine d(p).
6
Let d(i) = i + 14. Suppose -23 = -4*v + 5*h, -3*h + 8 + 67 = 5*v. Suppose -s - v = -5*s. Suppose -2*q + 3*b = 16, -q - b = -s*q - 20. Determine d(q).
3
Let g(c) = c**3 + 5*c**2 + 2*c - 3. Let n be 1 + -2 - 400/10. Let v = -45 - n. Determine g(v).
5
Let b(r) = r**3 + 2*r**2 - 6*r + 15. Let p(m) = 2*m**2 - 34*m + 133. Let x be p(6). Let i(n) = -2*n**2 - n - 1. Let t(d) = x*b(d) + 5*i(d). Determine t(9).
-8
Let x(g) = 13*g**3 - 8*g**2 + 11*g + 1. Let r(k) = 11*k**3 - 8*k**2 + 10*k + 1. Let u(a) = -6*r(a) + 5*x(a). Let h be (-4 - 3) + 17 + (-1 - 2). Give u(h).
13
Let c(t) = t**3 - 13*t**2 - 8 + 2 + 7*t + 6*t**2. Let l be c(6). Let m(w) be the first derivative of -w**3/3 - 2*w + 9999. What is m(l)?
-2
Let x(s) = -6*s**2 + 23*s - 90. Let v(r) = 5*r**2 - 22*r + 80. Let m(y) = 5*v(y) + 4*x(y). Give m(16).
8
Let k(m) = -5*m + 3. Suppose 263 - 87 = -2*s. Let o = s + 90. Suppose x = -3, 3*x + 2 + 11 = o*i. Determine k(i).
-7
Let n(g) = 4*g**3 - 1. Let t be 6/(-2) + 12/3. Let o be n(t). Suppose -o*d - 25 + 1 = -5*c, 0 = c + 2*d - 10. Let p(b) = -b**3 + 6*b**2 - b + 1. Give p(c).
-5
Let b(c) = -2*c + 83. Suppose 88*w + 16*w - 1938 = 53*w. Calculate b(w).
7
Suppose -17*p = d - 21*p + 27, -2*p = d - 3. Let k(c) = -c**3 - 7*c**2 - 5*c + 1. Give k(d).
36
Let n(b) = 49*b - 13. Let a(k) = 41*k - 11. Let o(g) = -6*a(g) + 5*n(g). Suppose 4 = 2*f - 4*r, -f + 5*f - 8 = -2*r. Give o(f).
-1
Let l = -3789/2 + 1897. Let a(o) be the first derivative of o + l*o**2 - 1/3*o**3 - 21. Give a(5).
1
Let f(j) = 3*j**3 + 20*j**2 + 11*j + 9. Let a(m) = 4*m**3 + 28*m**2 + 15*m + 13. Let s(g) = -5*a(g) + 7*f(g). Let i(k) = -k + 8. Let z be i(5). Calculate s(z).
31
Let o(n) = -n**3 - 6*n**2 + 38*n + 9. Let b be o(4). Let j(y) = 6*y. What is j(b)?
6
Let u(o) be the second derivative of -o**3/3 - 7*o**2/2 - 25*o. Suppose 4 + 2 = -m. Let h be u(m). Let i(n) = n**2 - 6*n - 4. Calculate i(h).
-9
Let a(f) = f**3 - 14*f**2 + 26*f - 4. Let w be a(10). Let u be (-18)/8*192/w. Let k(r) be the second derivative of r**5/20 - r**4/3 + 2*r**3/3 + r. Give k(u).
3
Let q(k) be the first derivative of -k**4/12 - 7*k**3/3 + k**2 - 4*k + 2. Let p(r) be the first derivative of q(r). Determine p(-14).
2
Let h(u) = 76 + 53 + 110 - 9 + 22 - 13*u. Determine h(19).
5
Let d(s) = s**3 - 3*s**2 - 8*s + 10. Let i be 1/(2*(-6)/(-60)). Suppose -12 = 20*y - 18*y + 5*a, 0 = -3*y + i*a + 32. Give d(y).
-6
Let i(q) = -4*q**2 + 21*q - 18 + 23*q - 2 + 3*q**2 - 51*q. What is i(-5)?
-10
Let m(c) = 47*c + 446. Let d(i) = -6*i - 56. Let j(b) = -17*d(b) - 2*m(b). Determine j(6).
108
Let s(b) = 2*b + 1. Let q(f) = -9*f - 16. Let h(x) = q(x) + 4*s(x). Let l(m) = -m**3 + 6*m**2 + 3. Let t be l(5). Let z = -41 + t. Determine h(z).
1
Let z(k) = -k - 9. Let o = 1027 + -1045. Calculate z(o).
9
Let w(x) = x**3 - 10*x**2 + x + 5. Let u = 245 - 242. Let i(f) = -3*f**3 + 29*f**2 - 4*f - 16. Let c(r) = u*i(r) + 8*w(r). What is c(6)?
4
Let t(l) be the first derivative of 3*l**2 + 13*l - 887. Determine t(-3).
-5
Let s = 270 - -367. Let x = s - 634. Let b(l) = 3*l - 14. What is b(x)?
-5
Let m(c) = -c**3 + 15*c**2 - c + 11. Let s(g) = -37*g - 1724. Let z be s(-47). Calculate m(z).
-4
Let g(w) = 7*w + 16. Let t(k) = -3*k - 7. Let f(q) = 4*g(q) + 9*t(q). Let l be (4*10/4)/(1 - -1). Suppose l*o + 10 = -2*s, 3*o = 4*o - 5*s + 29. What is f(o)?
-3
Let r = -74 - -75. Let m(l) = -223*l**3 + 111*l**3 - 4*l**2 + 111*l**3 - r - 4. Let f = 4 - 9. Give m(f).
20
Suppose -5*g = -a - 19, 3*a + 2*a + 5 = -5*g. Let b(v) = -4*v**3 - v**2 + 327*v + 8. Let i(j) = j**3 - j**2 - 110*j - 2. Let f(k) = b(k) + 3*i(k). Give f(a).
14
Let g(a) = 11*a**2 - 61*a + 26. Let s be g(5). Let h(z) = z + 4. Calculate h(s).
0
Let f be ((-68)/306)/(11/(-297)). Let p(w) = -5*w - 22. Give p(f).
-52
Let a(v) = 1 + v - 24437*v**2 + 8142*v**2 + 8148*v**2 + 8146*v**2. Let t = -3 + 8. Suppose -3*n + 2 = -t*n. Calculate a(n).
-1
Suppose 5*h + 3*x - 13 = 0, -2*x - 24 = 4*h - 36. Let p(u) be the first derivative of u**4/4 - 5*u**3/3 - 3*u**2/2 - 6*u + 3. Determine p(h).
-21
Let y be 236/60 - (-21)/315. Let t(j) = -10*j + y*j - 7 - 10*j + 18*j. Suppose 0 = o - 1 + 8. Calculate t(o).
-21
Suppose 4*m + 8 = 0, 0 = -3*v - 3*m - 6 - 18. Let n(y) = 8*y + 43. Calculate n(v).
-5
Let y(i) = -57*i - 22 + 56*i - 23 - 26 + 64. Suppose o - 3*o = -18. What is y(o)?
-16
Let v(c) be the third derivative of c**4/24 - 3*c**3 - 4359*c**2. Calculate v(-9).
-27
Let i(h) be the second derivative of h**3/6 + 9*h**2 - 14*h. Let d = 571 + -585. Calculate i(d).
4
Let s be (-2 - (-28)/(-3))*(-1974)/1316. Let n(x) = x**3 - 18*x**2 + 16*x + 1. Calculate n(s).
-16
Suppose 53*q = -279 - 145. Let b(j) = j**2 + 5*j + 19. What is b(q)?
43
Let j(c) = 37*c**2 + c + 1. Let i be j(2). Let l(k) = -i*k**3 + 74*k**3 + 3*k + 76*k**3 - 3*k. Determine l(-3).
27
Let k = -8207 - -8199. Let q(d) be the first derivative of -3*d**2/2 - 12*d + 3. Determine q(k).
12
Let r(t) = -t**3 - 12*t**2 - 3*t + 7. Let l(j) = -j**3 + 43*j**2 - 83*j + 30. Let x be l(41). What is r(x)?
-81
Let i be (-4 + 13/(325/70))*-5. Let f(w) = i*w**3 + 138*w + 141*w - 284*w - 5*w**3 - 6*w**2 + 8. Give f(7).
22
Let d be 51/2*36/(-54). Let w(s) = s**2 + 18*s + 12. Calculate w(d).
-5
Let m(c) = c**3 - 17*c**2 - 21*c + 12. Let r = -4551 - -4569. What is m(r)?
-42
Let h = 5277 + -5279. Let w(p) = 3*p**3 + p**2 + 6*p + 11. Give w(h).
-21
Suppose 3*m - m + 3*v - 4 = 0, -3*m = -4*v + 11. Let z(d) be the first derivative of -d**3/3 - d**2 - d - 1444. What is z(m)?
0
Let i(t) = 1. Let q(b) = b. Let y be q(-6). Let d(a) = 2*a + 3. Let n = -2621 + 2622. Let u(k) = n*d(k) + y*i(k). What is u(5)?
7
Let l(x) be the second derivative of -5*x**3/6 - 5*x**2/2 - 2*x + 39351. Let k = 4 + -6. Determine l(k).
5
Let x(s) = -153*s - 38. Let a(l) = -46*l - 13. Let m(u) = 10*a(u) - 3*x(u). Determine m(6).
-22
Let b = -2 - -41. Let g = b + -43. Let a(r) = 6*r + 6. Let c(t) = -t - 1. Let l(w) = -4*a(w) - 21*c(w). Determine l(g).
9
Suppose o - 66 = 2*d - 4*o, 3*d + o + 65 = 0. Let k = 42 + d. Let v = k - 16. Let j(a) = a - 6. Give j(v).
-3
Let v(s) = -29*s + 12. Let i(g) = -61*g + 25. Let x(k) = 4*i(k) - 9*v(k). Give x(4).
60
Let b(n) = -5 + 2 + 4 - 141*n**2 + 2*n - 2 + 154*n**2. Determine b(-1).
10
Let z(a) = -a**3 - 14*a**2 - 4*a - 21. Let x be z(-14). Let k = -31 + x. Let u be (1 + -3)/(k/2). Let f(d) = 6*d**2. Determine f(u).
6
Let p(x) = -42 - 49 - 12*x + 150 - 21. What is p(5)?
-22
Let l(h) = -2*h**3 - 8*h**2 - 4*h - 1. Let w be l(-3). Let s(i) be the first derivative of -i**3/3 - 5*i**2 - 13*i + 251. Give s(w).
8
Let h(b) = 4*b**3 - b**2 - 2*b - 3. Let p be h(2). Let y(t) = -t**3 + 20*t**2 + 23*t - 38. Let q be y(p). Let a(o) = o**2 - 6*o + q + 12*o + 3*o. Give a(-9).
4
Suppose 2*p - 1856 = -1854. Let s(r) be the first derivative of p + 3/2*r**2 - 9*r. Give s(6).
9
Let t(b) = -12*b - 4860 - 4865 + 9721. Calculate t(-4).
44
Suppose 6 = 2*a + 2*l, 3*a - 6 = 3*l + 15. Let p(j) = -j**2 + 1 + 1 - 3 + 9*j - a. Calculate p(8).
2
Let k(l) be the second derivative of l**5/20 - 2*l**4/3 + 7*l**2/2 - l - 414. What is k(8)?
7
Let m(v) = v**2 - 17*v - 3. Let z(k) = k**2 - 16*k - 5. Let p(f) = 3*m(f) - 2*z(f). Let s = -557 + 576. Give p(s).
1
Let u(q) = 6*q - 2. Let g be u(1). Let s(x) = -x**3 + 1642 + 5*x - x**2 - 1647 + g*x**2. What is s(4)?
-1
Suppose -9 = -3*z + 5*g + 8, -z + 5*g - 11 = 0. Let f(v) = -3*v + z + v**2 + 0*v + 13*v**3 - v - 9 - 12*v**3. Calculate f(-4).
-27
Let z(b) = -b**3 - 7*b**2 - 8*b - 7. Let y(a) = a**3 + 3*a**2 - 6*a - 16. Let i be y(-4). Let c be (-2)/3*i/((-16)/18). What is z(c)?
5
Let h(l) be the first derivative of -3*l**2 - 1/120*l**6 + 0*l - 15 + 0*l**3 - 1/60*l**5 + 1/12*l**4. Let u(j) be the second derivative of h(j). Give u(-2).
0
Let x(g) = -6*g + 9. Suppose 3830 = 96*s - 86*s. Let r = 390 - s. Give x(r).
-33
Let k(t) = -9 - 26 - 2*t + 3*t - 3 + 30. Suppose 12 = 4*s, 0*s - 2*s + 6 = m. Determine k(m).
-8
Let r(q) = 34*q + 20. Let n(f) = -44*f - 20. Let h(u) = 2*n(u) + 3*r(u). What is h(-6)?
-64
Let h(o) = -78*o - 5. Let j(x) = -163*x - 12. Let u(z) = -13*h(z) + 6*j(z). What is u(0)?
-7
Suppose 2*s = -2, 133*b + 5*s + 5 = 129*b. Let j(k) = k**3 + 40. Calc